{"id":938,"date":"2016-12-14T12:38:04","date_gmt":"2016-12-14T12:38:04","guid":{"rendered":"http:\/\/entwicklung.bsph.de\/?page_id=938\/"},"modified":"2022-01-02T11:57:44","modified_gmt":"2022-01-02T11:57:44","slug":"jan-haber","status":"publish","type":"page","link":"https:\/\/bpsh.de\/fr\/partenaires\/jan-haber\/","title":{"rendered":"Jan Haber"},"content":{"rendered":"<h1>Jan Haber<\/h1>\n<h4>Avocat<\/h4>\n<div class=\"shortcode1-3 \"><p><img loading=\"lazy\" decoding=\"async\" class=\"alignnone wp-image-918\" src=\"http:\/\/entwicklung.bsph.de\/wp-content\/uploads\/2015\/02\/jan-haber-1.jpg\" alt=\"jan-haber\" width=\"251\" height=\"325\" srcset=\"https:\/\/bpsh.de\/wp-content\/uploads\/2015\/02\/jan-haber-1.jpg 500w, https:\/\/bpsh.de\/wp-content\/uploads\/2015\/02\/jan-haber-1-232x300.jpg 232w\" sizes=\"auto, (max-width: 251px) 100vw, 251px\" \/><\/p>\n<\/div>\n<div class=\"shortcode2-3 \"><p>&nbsp;<\/p>\n<h4>Domaines de comp\u00e9tences<\/h4>\n<ul>\n<li>La protection industrielle<\/li>\n<li>Le droit des m\u00e9dias \/ le droit sur Internet<\/li>\n<li>Le droit du travail<\/li>\n<li>Le droit civil et le droit des proc\u00e9dures civiles<\/li>\n<\/ul>\n<p>&nbsp;<\/p>\n<h4>Forces techniques<\/h4>\n<ul>\n<li>Le droit des marques<\/li>\n<li>Le droit de la concurrence<\/li>\n<li>Le droit d\u2019auteur<\/li>\n<li>Le droit du design<\/li>\n<li>Le droit des brevets et des mod\u00e8les d\u00e9pos\u00e9s<\/li>\n<li>Les contrats de licence<\/li>\n<li>Les contrats de recherche et d\u00e9veloppement<\/li>\n<\/ul>\n<p>&nbsp;<\/p>\n<h4>Cursus<\/h4>\n<ul>\n<li>\u00c9tudes de droit \u00e0 l\u2019universit\u00e9 de Bonn<\/li>\n<li>1996 \u2013 1998 Stage au Cabinet Oppenhoff &amp; R\u00e4dler, Cologne<\/li>\n<li>Admis au Barreau de D\u00fcsseldorf depuis 1999<\/li>\n<li>1999 \u2013 2002 Avocat dans un Cabinet d\u2019avocats \u00e0 D\u00fcsseldorf<\/li>\n<li>2002 co-fondateur du Cabinet BPSH \u00e0 D\u00fcsseldorf<\/li>\n<\/ul>\n<p>&nbsp;<\/p>\n<h4>Affiliations<\/h4>\n<ul>\n<li>Barreau de D\u00fcsseldorf<\/li>\n<li>Association allemande pour la protection de la Propri\u00e9t\u00e9 Intellectuelle (GRUR) e.V.<\/li>\n<\/ul>\n<h4>Contact<\/h4>\n<p>haber[at]bpsh.de<\/p>\n<p>&nbsp;<\/p>\n<p>Vers le\u00a0<a href=\"https:\/\/bpsh.de\/fr\/partenaires\/alvaro-remus\/\"><strong>Dr. Alvaro Remus<\/strong><\/a><\/p>\n<\/div>\n","protected":false},"excerpt":{"rendered":"<p>Jan Haber Avocat<\/p>\n","protected":false},"author":1,"featured_media":0,"parent":753,"menu_order":0,"comment_status":"closed","ping_status":"closed","template":"","meta":{"footnotes":""},"class_list":["post-938","page","type-page","status-publish","hentry"],"yoast_head":"<!-- This site is optimized with the Yoast SEO plugin v26.8 - https:\/\/yoast.com\/product\/yoast-seo-wordpress\/ -->\n<title>Jan Haber - BPSH<\/title>\n<meta name=\"robots\" content=\"index, follow, max-snippet:-1, max-image-preview:large, max-video-preview:-1\" \/>\n<link rel=\"canonical\" href=\"https:\/\/bpsh.de\/fr\/partenaires\/jan-haber\/\" \/>\n<meta property=\"og:locale\" content=\"fr_FR\" \/>\n<meta property=\"og:type\" content=\"article\" \/>\n<meta property=\"og:title\" content=\"Jan Haber - BPSH\" \/>\n<meta property=\"og:description\" content=\"Jan Haber Avocat\" \/>\n<meta property=\"og:url\" content=\"https:\/\/bpsh.de\/fr\/partenaires\/jan-haber\/\" \/>\n<meta property=\"og:site_name\" content=\"BPSH\" \/>\n<meta property=\"article:modified_time\" content=\"2022-01-02T11:57:44+00:00\" \/>\n<meta property=\"og:image\" content=\"http:\/\/entwicklung.bsph.de\/wp-content\/uploads\/2015\/02\/jan-haber-1.jpg\" \/>\n<meta name=\"twitter:card\" content=\"summary_large_image\" \/>\n<meta name=\"twitter:label1\" content=\"Dur\u00e9e de lecture estim\u00e9e\" \/>\n\t<meta name=\"twitter:data1\" content=\"1 minute\" \/>\n<script type=\"application\/ld+json\" class=\"yoast-schema-graph\">{\"@context\":\"https:\/\/schema.org\",\"@graph\":[{\"@type\":\"WebPage\",\"@id\":\"https:\/\/bpsh.de\/fr\/partenaires\/jan-haber\/\",\"url\":\"https:\/\/bpsh.de\/fr\/partenaires\/jan-haber\/\",\"name\":\"Jan Haber - BPSH\",\"isPartOf\":{\"@id\":\"https:\/\/bpsh.de\/#website\"},\"primaryImageOfPage\":{\"@id\":\"https:\/\/bpsh.de\/fr\/partenaires\/jan-haber\/#primaryimage\"},\"image\":{\"@id\":\"https:\/\/bpsh.de\/fr\/partenaires\/jan-haber\/#primaryimage\"},\"thumbnailUrl\":\"http:\/\/entwicklung.bsph.de\/wp-content\/uploads\/2015\/02\/jan-haber-1.jpg\",\"datePublished\":\"2016-12-14T12:38:04+00:00\",\"dateModified\":\"2022-01-02T11:57:44+00:00\",\"breadcrumb\":{\"@id\":\"https:\/\/bpsh.de\/fr\/partenaires\/jan-haber\/#breadcrumb\"},\"inLanguage\":\"fr-FR\",\"potentialAction\":[{\"@type\":\"ReadAction\",\"target\":[\"https:\/\/bpsh.de\/fr\/partenaires\/jan-haber\/\"]}]},{\"@type\":\"ImageObject\",\"inLanguage\":\"fr-FR\",\"@id\":\"https:\/\/bpsh.de\/fr\/partenaires\/jan-haber\/#primaryimage\",\"url\":\"http:\/\/entwicklung.bsph.de\/wp-content\/uploads\/2015\/02\/jan-haber-1.jpg\",\"contentUrl\":\"http:\/\/entwicklung.bsph.de\/wp-content\/uploads\/2015\/02\/jan-haber-1.jpg\"},{\"@type\":\"BreadcrumbList\",\"@id\":\"https:\/\/bpsh.de\/fr\/partenaires\/jan-haber\/#breadcrumb\",\"itemListElement\":[{\"@type\":\"ListItem\",\"position\":1,\"name\":\"Startseite\",\"item\":\"https:\/\/bpsh.de\/fr\/\"},{\"@type\":\"ListItem\",\"position\":2,\"name\":\"Partenaires\",\"item\":\"https:\/\/bpsh.de\/fr\/partenaires\/\"},{\"@type\":\"ListItem\",\"position\":3,\"name\":\"Jan Haber\"}]},{\"@type\":\"WebSite\",\"@id\":\"https:\/\/bpsh.de\/#website\",\"url\":\"https:\/\/bpsh.de\/\",\"name\":\"BPSH\",\"description\":\"Kanzlei f\u00fcr gewerblichen Rechtsschutz - Patente, Marken, Design\",\"publisher\":{\"@id\":\"https:\/\/bpsh.de\/#organization\"},\"potentialAction\":[{\"@type\":\"SearchAction\",\"target\":{\"@type\":\"EntryPoint\",\"urlTemplate\":\"https:\/\/bpsh.de\/?s={search_term_string}\"},\"query-input\":{\"@type\":\"PropertyValueSpecification\",\"valueRequired\":true,\"valueName\":\"search_term_string\"}}],\"inLanguage\":\"fr-FR\"},{\"@type\":\"Organization\",\"@id\":\"https:\/\/bpsh.de\/#organization\",\"name\":\"BPSH Schrooten Haber Remus Patent- und Rechtsanw\u00e4lte\",\"url\":\"https:\/\/bpsh.de\/\",\"logo\":{\"@type\":\"ImageObject\",\"inLanguage\":\"fr-FR\",\"@id\":\"https:\/\/bpsh.de\/#\/schema\/logo\/image\/\",\"url\":\"https:\/\/bpsh.de\/wp-content\/uploads\/2016\/03\/Logo-breiter-328x99-neue-Farbe-grau_-Arial-1.jpg\",\"contentUrl\":\"https:\/\/bpsh.de\/wp-content\/uploads\/2016\/03\/Logo-breiter-328x99-neue-Farbe-grau_-Arial-1.jpg\",\"width\":328,\"height\":99,\"caption\":\"BPSH Schrooten Haber Remus Patent- und Rechtsanw\u00e4lte\"},\"image\":{\"@id\":\"https:\/\/bpsh.de\/#\/schema\/logo\/image\/\"}}]}<\/script>\n<!-- \/ Yoast SEO plugin. -->","yoast_head_json":{"title":"Jan Haber - BPSH","robots":{"index":"index","follow":"follow","max-snippet":"max-snippet:-1","max-image-preview":"max-image-preview:large","max-video-preview":"max-video-preview:-1"},"canonical":"https:\/\/bpsh.de\/fr\/partenaires\/jan-haber\/","og_locale":"fr_FR","og_type":"article","og_title":"Jan Haber - BPSH","og_description":"Jan Haber Avocat","og_url":"https:\/\/bpsh.de\/fr\/partenaires\/jan-haber\/","og_site_name":"BPSH","article_modified_time":"2022-01-02T11:57:44+00:00","og_image":[{"url":"http:\/\/entwicklung.bsph.de\/wp-content\/uploads\/2015\/02\/jan-haber-1.jpg","type":"","width":"","height":""}],"twitter_card":"summary_large_image","twitter_misc":{"Dur\u00e9e de lecture estim\u00e9e":"1 minute"},"schema":{"@context":"https:\/\/schema.org","@graph":[{"@type":"WebPage","@id":"https:\/\/bpsh.de\/fr\/partenaires\/jan-haber\/","url":"https:\/\/bpsh.de\/fr\/partenaires\/jan-haber\/","name":"Jan Haber - BPSH","isPartOf":{"@id":"https:\/\/bpsh.de\/#website"},"primaryImageOfPage":{"@id":"https:\/\/bpsh.de\/fr\/partenaires\/jan-haber\/#primaryimage"},"image":{"@id":"https:\/\/bpsh.de\/fr\/partenaires\/jan-haber\/#primaryimage"},"thumbnailUrl":"http:\/\/entwicklung.bsph.de\/wp-content\/uploads\/2015\/02\/jan-haber-1.jpg","datePublished":"2016-12-14T12:38:04+00:00","dateModified":"2022-01-02T11:57:44+00:00","breadcrumb":{"@id":"https:\/\/bpsh.de\/fr\/partenaires\/jan-haber\/#breadcrumb"},"inLanguage":"fr-FR","potentialAction":[{"@type":"ReadAction","target":["https:\/\/bpsh.de\/fr\/partenaires\/jan-haber\/"]}]},{"@type":"ImageObject","inLanguage":"fr-FR","@id":"https:\/\/bpsh.de\/fr\/partenaires\/jan-haber\/#primaryimage","url":"http:\/\/entwicklung.bsph.de\/wp-content\/uploads\/2015\/02\/jan-haber-1.jpg","contentUrl":"http:\/\/entwicklung.bsph.de\/wp-content\/uploads\/2015\/02\/jan-haber-1.jpg"},{"@type":"BreadcrumbList","@id":"https:\/\/bpsh.de\/fr\/partenaires\/jan-haber\/#breadcrumb","itemListElement":[{"@type":"ListItem","position":1,"name":"Startseite","item":"https:\/\/bpsh.de\/fr\/"},{"@type":"ListItem","position":2,"name":"Partenaires","item":"https:\/\/bpsh.de\/fr\/partenaires\/"},{"@type":"ListItem","position":3,"name":"Jan Haber"}]},{"@type":"WebSite","@id":"https:\/\/bpsh.de\/#website","url":"https:\/\/bpsh.de\/","name":"BPSH","description":"Kanzlei f\u00fcr gewerblichen Rechtsschutz - Patente, Marken, Design","publisher":{"@id":"https:\/\/bpsh.de\/#organization"},"potentialAction":[{"@type":"SearchAction","target":{"@type":"EntryPoint","urlTemplate":"https:\/\/bpsh.de\/?s={search_term_string}"},"query-input":{"@type":"PropertyValueSpecification","valueRequired":true,"valueName":"search_term_string"}}],"inLanguage":"fr-FR"},{"@type":"Organization","@id":"https:\/\/bpsh.de\/#organization","name":"BPSH Schrooten Haber Remus Patent- und Rechtsanw\u00e4lte","url":"https:\/\/bpsh.de\/","logo":{"@type":"ImageObject","inLanguage":"fr-FR","@id":"https:\/\/bpsh.de\/#\/schema\/logo\/image\/","url":"https:\/\/bpsh.de\/wp-content\/uploads\/2016\/03\/Logo-breiter-328x99-neue-Farbe-grau_-Arial-1.jpg","contentUrl":"https:\/\/bpsh.de\/wp-content\/uploads\/2016\/03\/Logo-breiter-328x99-neue-Farbe-grau_-Arial-1.jpg","width":328,"height":99,"caption":"BPSH Schrooten Haber Remus Patent- und Rechtsanw\u00e4lte"},"image":{"@id":"https:\/\/bpsh.de\/#\/schema\/logo\/image\/"}}]}},"_links":{"self":[{"href":"https:\/\/bpsh.de\/fr\/wp-json\/wp\/v2\/pages\/938","targetHints":{"allow":["GET"]}}],"collection":[{"href":"https:\/\/bpsh.de\/fr\/wp-json\/wp\/v2\/pages"}],"about":[{"href":"https:\/\/bpsh.de\/fr\/wp-json\/wp\/v2\/types\/page"}],"author":[{"embeddable":true,"href":"https:\/\/bpsh.de\/fr\/wp-json\/wp\/v2\/users\/1"}],"replies":[{"embeddable":true,"href":"https:\/\/bpsh.de\/fr\/wp-json\/wp\/v2\/comments?post=938"}],"version-history":[{"count":8,"href":"https:\/\/bpsh.de\/fr\/wp-json\/wp\/v2\/pages\/938\/revisions"}],"predecessor-version":[{"id":1323,"href":"https:\/\/bpsh.de\/fr\/wp-json\/wp\/v2\/pages\/938\/revisions\/1323"}],"up":[{"embeddable":true,"href":"https:\/\/bpsh.de\/fr\/wp-json\/wp\/v2\/pages\/753"}],"wp:attachment":[{"href":"https:\/\/bpsh.de\/fr\/wp-json\/wp\/v2\/media?parent=938"}],"curies":[{"name":"wp","href":"https:\/\/api.w.org\/{rel}","templated":true}]}}

<h1>Jan Haber</h1>
<h4>Avocat</h4>
<div class="shortcode1-3 "><p><img loading="lazy" decoding="async" class="alignnone wp-image-918" src="http://entwicklung.bsph.de/wp-content/uploads/2015/02/jan-haber-1.jpg" alt="jan-haber" width="251" height="325" srcset="https://bpsh.de/wp-content/uploads/2015/02/jan-haber-1.jpg 500w, https://bpsh.de/wp-content/uploads/2015/02/jan-haber-1-232x300.jpg 232w" sizes="auto, (max-width: 251px) 100vw, 251px" /></p>
</div>
<div class="shortcode2-3 "><p>&nbsp;</p>
<h4>Domaines de compétences</h4>
<ul>
<li>La protection industrielle</li>
<li>Le droit des médias / le droit sur Internet</li>
<li>Le droit du travail</li>
<li>Le droit civil et le droit des procédures civiles</li>
</ul>
<p>&nbsp;</p>
<h4>Forces techniques</h4>
<ul>
<li>Le droit des marques</li>
<li>Le droit de la concurrence</li>
<li>Le droit d’auteur</li>
<li>Le droit du design</li>
<li>Le droit des brevets et des modèles déposés</li>
<li>Les contrats de licence</li>
<li>Les contrats de recherche et développement</li>
</ul>
<p>&nbsp;</p>
<h4>Cursus</h4>
<ul>
<li>Études de droit à l’université de Bonn</li>
<li>1996 – 1998 Stage au Cabinet Oppenhoff &amp; Rädler, Cologne</li>
<li>Admis au Barreau de Düsseldorf depuis 1999</li>
<li>1999 – 2002 Avocat dans un Cabinet d’avocats à Düsseldorf</li>
<li>2002 co-fondateur du Cabinet BPSH à Düsseldorf</li>
</ul>
<p>&nbsp;</p>
<h4>Affiliations</h4>
<ul>
<li>Barreau de Düsseldorf</li>
<li>Association allemande pour la protection de la Propriété Intellectuelle (GRUR) e.V.</li>
</ul>
<h4>Contact</h4>
<p>haber[at]bpsh.de</p>
<p>&nbsp;</p>
<p>Vers le <a href="https://bpsh.de/fr/partenaires/alvaro-remus/"><strong>Dr. Alvaro Remus</strong></a></p>
</div>

<!-- This site is optimized with the Yoast SEO plugin v26.8 - https://yoast.com/product/yoast-seo-wordpress/ -->
<title>Jan Haber - BPSH</title>
<meta name="robots" content="index, follow, max-snippet:-1, max-image-preview:large, max-video-preview:-1" />
<link rel="canonical" href="https://bpsh.de/fr/partenaires/jan-haber/" />
<meta property="og:locale" content="fr_FR" />
<meta property="og:type" content="article" />
<meta property="og:title" content="Jan Haber - BPSH" />
<meta property="og:description" content="Jan Haber Avocat" />
<meta property="og:url" content="https://bpsh.de/fr/partenaires/jan-haber/" />
<meta property="og:site_name" content="BPSH" />
<meta property="article:modified_time" content="2022-01-02T11:57:44+00:00" />
<meta property="og:image" content="http://entwicklung.bsph.de/wp-content/uploads/2015/02/jan-haber-1.jpg" />
<meta name="twitter:card" content="summary_large_image" />
<meta name="twitter:label1" content="Durée de lecture estimée" />
	<meta name="twitter:data1" content="1 minute" />
<script type="application/ld+json" class="yoast-schema-graph">{"@context":"https://schema.org","@graph":[{"@type":"WebPage","@id":"https://bpsh.de/fr/partenaires/jan-haber/","url":"https://bpsh.de/fr/partenaires/jan-haber/","name":"Jan Haber - BPSH","isPartOf":{"@id":"https://bpsh.de/#website"},"primaryImageOfPage":{"@id":"https://bpsh.de/fr/partenaires/jan-haber/#primaryimage"},"image":{"@id":"https://bpsh.de/fr/partenaires/jan-haber/#primaryimage"},"thumbnailUrl":"http://entwicklung.bsph.de/wp-content/uploads/2015/02/jan-haber-1.jpg","datePublished":"2016-12-14T12:38:04+00:00","dateModified":"2022-01-02T11:57:44+00:00","breadcrumb":{"@id":"https://bpsh.de/fr/partenaires/jan-haber/#breadcrumb"},"inLanguage":"fr-FR","potentialAction":[{"@type":"ReadAction","target":["https://bpsh.de/fr/partenaires/jan-haber/"]}]},{"@type":"ImageObject","inLanguage":"fr-FR","@id":"https://bpsh.de/fr/partenaires/jan-haber/#primaryimage","url":"http://entwicklung.bsph.de/wp-content/uploads/2015/02/jan-haber-1.jpg","contentUrl":"http://entwicklung.bsph.de/wp-content/uploads/2015/02/jan-haber-1.jpg"},{"@type":"BreadcrumbList","@id":"https://bpsh.de/fr/partenaires/jan-haber/#breadcrumb","itemListElement":[{"@type":"ListItem","position":1,"name":"Startseite","item":"https://bpsh.de/fr/"},{"@type":"ListItem","position":2,"name":"Partenaires","item":"https://bpsh.de/fr/partenaires/"},{"@type":"ListItem","position":3,"name":"Jan Haber"}]},{"@type":"WebSite","@id":"https://bpsh.de/#website","url":"https://bpsh.de/","name":"BPSH","description":"Kanzlei für gewerblichen Rechtsschutz - Patente, Marken, Design","publisher":{"@id":"https://bpsh.de/#organization"},"potentialAction":[{"@type":"SearchAction","target":{"@type":"EntryPoint","urlTemplate":"https://bpsh.de/?s={search_term_string}"},"query-input":{"@type":"PropertyValueSpecification","valueRequired":true,"valueName":"search_term_string"}}],"inLanguage":"fr-FR"},{"@type":"Organization","@id":"https://bpsh.de/#organization","name":"BPSH Schrooten Haber Remus Patent- und Rechtsanwälte","url":"https://bpsh.de/","logo":{"@type":"ImageObject","inLanguage":"fr-FR","@id":"https://bpsh.de/#/schema/logo/image/","url":"https://bpsh.de/wp-content/uploads/2016/03/Logo-breiter-328x99-neue-Farbe-grau_-Arial-1.jpg","contentUrl":"https://bpsh.de/wp-content/uploads/2016/03/Logo-breiter-328x99-neue-Farbe-grau_-Arial-1.jpg","width":328,"height":99,"caption":"BPSH Schrooten Haber Remus Patent- und Rechtsanwälte"},"image":{"@id":"https://bpsh.de/#/schema/logo/image/"}}]}</script>
<!-- / Yoast SEO plugin. -->

Kanzlei für gewerblichen Rechtsschutz - Patente, Marken, Design

BPSH Schrooten Haber Remus Patent- und Rechtsanwälte
