{"id":934,"date":"2016-12-14T12:23:31","date_gmt":"2016-12-14T12:23:31","guid":{"rendered":"http:\/\/entwicklung.bsph.de\/?page_id=934\/"},"modified":"2022-01-02T11:58:09","modified_gmt":"2022-01-02T11:58:09","slug":"alvaro-remus","status":"publish","type":"page","link":"https:\/\/bpsh.de\/fr\/partenaires\/alvaro-remus\/","title":{"rendered":"Dr. Alvaro Remus"},"content":{"rendered":"<h1>Alvaro Remus, Dr. rer. nat<\/h1>\n<p>Biologiste dipl\u00f4m\u00e9, Conseil en brevets, Mandataire en brevets europ\u00e9ens, Mandataire Europ\u00e9en en marques, dessins et mod\u00e8les<\/p>\n<div class=\"shortcode1-3 \"><p><a href=\"http:\/\/entwicklung.bsph.de\/wp-content\/uploads\/2015\/02\/Alvaro-vor-Buerogebaeude-500x619.jpg\"><img loading=\"lazy\" decoding=\"async\" class=\"alignnone wp-image-579\" src=\"http:\/\/entwicklung.bsph.de\/wp-content\/uploads\/2015\/02\/Alvaro-vor-Buerogebaeude-500x619.jpg\" alt=\"Alvaro vor Buerogebaeude 500x619\" width=\"250\" height=\"310\" srcset=\"https:\/\/bpsh.de\/wp-content\/uploads\/2015\/02\/Alvaro-vor-Buerogebaeude-500x619.jpg 500w, https:\/\/bpsh.de\/wp-content\/uploads\/2015\/02\/Alvaro-vor-Buerogebaeude-500x619-242x300.jpg 242w\" sizes=\"auto, (max-width: 250px) 100vw, 250px\" \/><\/a><\/p>\n<\/div>\n<div class=\"shortcode2-3 \"><h4>Domaines de comp\u00e9tences<\/h4>\n<ul>\n<li>Le droit des brevets et des mod\u00e8les d\u00e9pos\u00e9s<\/li>\n<li>Le droit des marques<\/li>\n<li>Le droit du design<\/li>\n<li>Le droit des inventions des salari\u00e9s<\/li>\n<li>L\u2019\u00e9valuation des droits de protection<\/li>\n<\/ul>\n<p>&nbsp;<\/p>\n<h4>Forces techniques<\/h4>\n<ul>\n<li>La biotechnologie<\/li>\n<li>La biochimie<\/li>\n<li>L\u2019ing\u00e9nierie des bioproc\u00e9d\u00e9s<\/li>\n<li>La pharmacie<\/li>\n<li>La technologie m\u00e9dicale<\/li>\n<\/ul>\n<p>&nbsp;<\/p>\n<h4>Cursus<\/h4>\n<ul>\n<li>\u00c9tudes en biologie et ing\u00e9nierie des proc\u00e9d\u00e9s \u00e0 l\u2019universit\u00e9 de D\u00fcsseldorf et \u00e0 l\u2019universit\u00e9 technique de Braunschweig<\/li>\n<li>Jusqu\u2019en 1997, activit\u00e9 scientifique dans la recherche des fondements m\u00e9dicaux \u00e0 D\u00fcsseldorf et \u00e0 Heidelberg (proc\u00e9d\u00e9s mol\u00e9culaires, biologiques et immunologiques)<\/li>\n<li>1997 Promotion \u00e0 l\u2019universit\u00e9 de D\u00fcsseldorf<\/li>\n<li>de 1997 \u00e0 2000 Formation au conseil en brevets<\/li>\n<li>de 2001 \u00e0 2008 Fondateur et partenaire du Cabinet de Conseil en brevets Dr. Remus \u00e0 D\u00fcsseldorf<\/li>\n<li>Depuis 2009 partenaire du Cabinet BPSH<\/li>\n<\/ul>\n<p>&nbsp;<\/p>\n<h4>Affiliations<\/h4>\n<ul>\n<li>Chambre des Conseils en brevets de Munich<\/li>\n<li>Association allemande pour la protection de la Propri\u00e9t\u00e9 Intellectuelle (GRUR) e.V.<\/li>\n<li>VPP \u2013 Association des experts en protection industrielle<\/li>\n<\/ul>\n<p>&nbsp;<\/p>\n<h4>Contact<\/h4>\n<p>remus@bpsh.de<\/p>\n<p>&nbsp;<\/p>\n<p>Vers\u00a0<a href=\"https:\/\/bpsh.de\/fr\/partenaires\/jan-haber\/\"><strong>Jan Haber<\/strong><\/a><\/p>\n<\/div>\n","protected":false},"excerpt":{"rendered":"<p>Alvaro Remus, Dr. rer. nat Biologiste dipl\u00f4m\u00e9, Conseil en brevets, Mandataire en brevets europ\u00e9ens, Mandataire Europ\u00e9en en marques, dessins et mod\u00e8les<\/p>\n","protected":false},"author":1,"featured_media":0,"parent":753,"menu_order":0,"comment_status":"closed","ping_status":"closed","template":"","meta":{"footnotes":""},"class_list":["post-934","page","type-page","status-publish","hentry"],"yoast_head":"<!-- This site is optimized with the Yoast SEO plugin v26.8 - https:\/\/yoast.com\/product\/yoast-seo-wordpress\/ -->\n<title>Dr. Alvaro Remus - BPSH<\/title>\n<meta name=\"robots\" content=\"index, follow, max-snippet:-1, max-image-preview:large, max-video-preview:-1\" \/>\n<link rel=\"canonical\" href=\"https:\/\/bpsh.de\/fr\/partenaires\/alvaro-remus\/\" \/>\n<meta property=\"og:locale\" content=\"fr_FR\" \/>\n<meta property=\"og:type\" content=\"article\" \/>\n<meta property=\"og:title\" content=\"Dr. Alvaro Remus - BPSH\" \/>\n<meta property=\"og:description\" content=\"Alvaro Remus, Dr. rer. nat Biologiste dipl\u00f4m\u00e9, Conseil en brevets, Mandataire en brevets europ\u00e9ens, Mandataire Europ\u00e9en en marques, dessins et mod\u00e8les\" \/>\n<meta property=\"og:url\" content=\"https:\/\/bpsh.de\/fr\/partenaires\/alvaro-remus\/\" \/>\n<meta property=\"og:site_name\" content=\"BPSH\" \/>\n<meta property=\"article:modified_time\" content=\"2022-01-02T11:58:09+00:00\" \/>\n<meta property=\"og:image\" content=\"http:\/\/entwicklung.bsph.de\/wp-content\/uploads\/2015\/02\/Alvaro-vor-Buerogebaeude-500x619.jpg\" \/>\n<meta name=\"twitter:card\" content=\"summary_large_image\" \/>\n<meta name=\"twitter:label1\" content=\"Dur\u00e9e de lecture estim\u00e9e\" \/>\n\t<meta name=\"twitter:data1\" content=\"1 minute\" \/>\n<script type=\"application\/ld+json\" class=\"yoast-schema-graph\">{\"@context\":\"https:\/\/schema.org\",\"@graph\":[{\"@type\":\"WebPage\",\"@id\":\"https:\/\/bpsh.de\/fr\/partenaires\/alvaro-remus\/\",\"url\":\"https:\/\/bpsh.de\/fr\/partenaires\/alvaro-remus\/\",\"name\":\"Dr. Alvaro Remus - BPSH\",\"isPartOf\":{\"@id\":\"https:\/\/bpsh.de\/#website\"},\"primaryImageOfPage\":{\"@id\":\"https:\/\/bpsh.de\/fr\/partenaires\/alvaro-remus\/#primaryimage\"},\"image\":{\"@id\":\"https:\/\/bpsh.de\/fr\/partenaires\/alvaro-remus\/#primaryimage\"},\"thumbnailUrl\":\"http:\/\/entwicklung.bsph.de\/wp-content\/uploads\/2015\/02\/Alvaro-vor-Buerogebaeude-500x619.jpg\",\"datePublished\":\"2016-12-14T12:23:31+00:00\",\"dateModified\":\"2022-01-02T11:58:09+00:00\",\"breadcrumb\":{\"@id\":\"https:\/\/bpsh.de\/fr\/partenaires\/alvaro-remus\/#breadcrumb\"},\"inLanguage\":\"fr-FR\",\"potentialAction\":[{\"@type\":\"ReadAction\",\"target\":[\"https:\/\/bpsh.de\/fr\/partenaires\/alvaro-remus\/\"]}]},{\"@type\":\"ImageObject\",\"inLanguage\":\"fr-FR\",\"@id\":\"https:\/\/bpsh.de\/fr\/partenaires\/alvaro-remus\/#primaryimage\",\"url\":\"http:\/\/entwicklung.bsph.de\/wp-content\/uploads\/2015\/02\/Alvaro-vor-Buerogebaeude-500x619.jpg\",\"contentUrl\":\"http:\/\/entwicklung.bsph.de\/wp-content\/uploads\/2015\/02\/Alvaro-vor-Buerogebaeude-500x619.jpg\"},{\"@type\":\"BreadcrumbList\",\"@id\":\"https:\/\/bpsh.de\/fr\/partenaires\/alvaro-remus\/#breadcrumb\",\"itemListElement\":[{\"@type\":\"ListItem\",\"position\":1,\"name\":\"Startseite\",\"item\":\"https:\/\/bpsh.de\/fr\/\"},{\"@type\":\"ListItem\",\"position\":2,\"name\":\"Partenaires\",\"item\":\"https:\/\/bpsh.de\/fr\/partenaires\/\"},{\"@type\":\"ListItem\",\"position\":3,\"name\":\"Dr. Alvaro Remus\"}]},{\"@type\":\"WebSite\",\"@id\":\"https:\/\/bpsh.de\/#website\",\"url\":\"https:\/\/bpsh.de\/\",\"name\":\"BPSH\",\"description\":\"Kanzlei f\u00fcr gewerblichen Rechtsschutz - Patente, Marken, Design\",\"publisher\":{\"@id\":\"https:\/\/bpsh.de\/#organization\"},\"potentialAction\":[{\"@type\":\"SearchAction\",\"target\":{\"@type\":\"EntryPoint\",\"urlTemplate\":\"https:\/\/bpsh.de\/?s={search_term_string}\"},\"query-input\":{\"@type\":\"PropertyValueSpecification\",\"valueRequired\":true,\"valueName\":\"search_term_string\"}}],\"inLanguage\":\"fr-FR\"},{\"@type\":\"Organization\",\"@id\":\"https:\/\/bpsh.de\/#organization\",\"name\":\"BPSH Schrooten Haber Remus Patent- und Rechtsanw\u00e4lte\",\"url\":\"https:\/\/bpsh.de\/\",\"logo\":{\"@type\":\"ImageObject\",\"inLanguage\":\"fr-FR\",\"@id\":\"https:\/\/bpsh.de\/#\/schema\/logo\/image\/\",\"url\":\"https:\/\/bpsh.de\/wp-content\/uploads\/2016\/03\/Logo-breiter-328x99-neue-Farbe-grau_-Arial-1.jpg\",\"contentUrl\":\"https:\/\/bpsh.de\/wp-content\/uploads\/2016\/03\/Logo-breiter-328x99-neue-Farbe-grau_-Arial-1.jpg\",\"width\":328,\"height\":99,\"caption\":\"BPSH Schrooten Haber Remus Patent- und Rechtsanw\u00e4lte\"},\"image\":{\"@id\":\"https:\/\/bpsh.de\/#\/schema\/logo\/image\/\"}}]}<\/script>\n<!-- \/ Yoast SEO plugin. -->","yoast_head_json":{"title":"Dr. Alvaro Remus - BPSH","robots":{"index":"index","follow":"follow","max-snippet":"max-snippet:-1","max-image-preview":"max-image-preview:large","max-video-preview":"max-video-preview:-1"},"canonical":"https:\/\/bpsh.de\/fr\/partenaires\/alvaro-remus\/","og_locale":"fr_FR","og_type":"article","og_title":"Dr. Alvaro Remus - BPSH","og_description":"Alvaro Remus, Dr. rer. nat Biologiste dipl\u00f4m\u00e9, Conseil en brevets, Mandataire en brevets europ\u00e9ens, Mandataire Europ\u00e9en en marques, dessins et mod\u00e8les","og_url":"https:\/\/bpsh.de\/fr\/partenaires\/alvaro-remus\/","og_site_name":"BPSH","article_modified_time":"2022-01-02T11:58:09+00:00","og_image":[{"url":"http:\/\/entwicklung.bsph.de\/wp-content\/uploads\/2015\/02\/Alvaro-vor-Buerogebaeude-500x619.jpg","type":"","width":"","height":""}],"twitter_card":"summary_large_image","twitter_misc":{"Dur\u00e9e de lecture estim\u00e9e":"1 minute"},"schema":{"@context":"https:\/\/schema.org","@graph":[{"@type":"WebPage","@id":"https:\/\/bpsh.de\/fr\/partenaires\/alvaro-remus\/","url":"https:\/\/bpsh.de\/fr\/partenaires\/alvaro-remus\/","name":"Dr. Alvaro Remus - BPSH","isPartOf":{"@id":"https:\/\/bpsh.de\/#website"},"primaryImageOfPage":{"@id":"https:\/\/bpsh.de\/fr\/partenaires\/alvaro-remus\/#primaryimage"},"image":{"@id":"https:\/\/bpsh.de\/fr\/partenaires\/alvaro-remus\/#primaryimage"},"thumbnailUrl":"http:\/\/entwicklung.bsph.de\/wp-content\/uploads\/2015\/02\/Alvaro-vor-Buerogebaeude-500x619.jpg","datePublished":"2016-12-14T12:23:31+00:00","dateModified":"2022-01-02T11:58:09+00:00","breadcrumb":{"@id":"https:\/\/bpsh.de\/fr\/partenaires\/alvaro-remus\/#breadcrumb"},"inLanguage":"fr-FR","potentialAction":[{"@type":"ReadAction","target":["https:\/\/bpsh.de\/fr\/partenaires\/alvaro-remus\/"]}]},{"@type":"ImageObject","inLanguage":"fr-FR","@id":"https:\/\/bpsh.de\/fr\/partenaires\/alvaro-remus\/#primaryimage","url":"http:\/\/entwicklung.bsph.de\/wp-content\/uploads\/2015\/02\/Alvaro-vor-Buerogebaeude-500x619.jpg","contentUrl":"http:\/\/entwicklung.bsph.de\/wp-content\/uploads\/2015\/02\/Alvaro-vor-Buerogebaeude-500x619.jpg"},{"@type":"BreadcrumbList","@id":"https:\/\/bpsh.de\/fr\/partenaires\/alvaro-remus\/#breadcrumb","itemListElement":[{"@type":"ListItem","position":1,"name":"Startseite","item":"https:\/\/bpsh.de\/fr\/"},{"@type":"ListItem","position":2,"name":"Partenaires","item":"https:\/\/bpsh.de\/fr\/partenaires\/"},{"@type":"ListItem","position":3,"name":"Dr. Alvaro Remus"}]},{"@type":"WebSite","@id":"https:\/\/bpsh.de\/#website","url":"https:\/\/bpsh.de\/","name":"BPSH","description":"Kanzlei f\u00fcr gewerblichen Rechtsschutz - Patente, Marken, Design","publisher":{"@id":"https:\/\/bpsh.de\/#organization"},"potentialAction":[{"@type":"SearchAction","target":{"@type":"EntryPoint","urlTemplate":"https:\/\/bpsh.de\/?s={search_term_string}"},"query-input":{"@type":"PropertyValueSpecification","valueRequired":true,"valueName":"search_term_string"}}],"inLanguage":"fr-FR"},{"@type":"Organization","@id":"https:\/\/bpsh.de\/#organization","name":"BPSH Schrooten Haber Remus Patent- und Rechtsanw\u00e4lte","url":"https:\/\/bpsh.de\/","logo":{"@type":"ImageObject","inLanguage":"fr-FR","@id":"https:\/\/bpsh.de\/#\/schema\/logo\/image\/","url":"https:\/\/bpsh.de\/wp-content\/uploads\/2016\/03\/Logo-breiter-328x99-neue-Farbe-grau_-Arial-1.jpg","contentUrl":"https:\/\/bpsh.de\/wp-content\/uploads\/2016\/03\/Logo-breiter-328x99-neue-Farbe-grau_-Arial-1.jpg","width":328,"height":99,"caption":"BPSH Schrooten Haber Remus Patent- und Rechtsanw\u00e4lte"},"image":{"@id":"https:\/\/bpsh.de\/#\/schema\/logo\/image\/"}}]}},"_links":{"self":[{"href":"https:\/\/bpsh.de\/fr\/wp-json\/wp\/v2\/pages\/934","targetHints":{"allow":["GET"]}}],"collection":[{"href":"https:\/\/bpsh.de\/fr\/wp-json\/wp\/v2\/pages"}],"about":[{"href":"https:\/\/bpsh.de\/fr\/wp-json\/wp\/v2\/types\/page"}],"author":[{"embeddable":true,"href":"https:\/\/bpsh.de\/fr\/wp-json\/wp\/v2\/users\/1"}],"replies":[{"embeddable":true,"href":"https:\/\/bpsh.de\/fr\/wp-json\/wp\/v2\/comments?post=934"}],"version-history":[{"count":16,"href":"https:\/\/bpsh.de\/fr\/wp-json\/wp\/v2\/pages\/934\/revisions"}],"predecessor-version":[{"id":1324,"href":"https:\/\/bpsh.de\/fr\/wp-json\/wp\/v2\/pages\/934\/revisions\/1324"}],"up":[{"embeddable":true,"href":"https:\/\/bpsh.de\/fr\/wp-json\/wp\/v2\/pages\/753"}],"wp:attachment":[{"href":"https:\/\/bpsh.de\/fr\/wp-json\/wp\/v2\/media?parent=934"}],"curies":[{"name":"wp","href":"https:\/\/api.w.org\/{rel}","templated":true}]}}

<h1>Alvaro Remus, Dr. rer. nat</h1>
<p>Biologiste diplômé, Conseil en brevets, Mandataire en brevets européens, Mandataire Européen en marques, dessins et modèles</p>
<div class="shortcode1-3 "><p><a href="http://entwicklung.bsph.de/wp-content/uploads/2015/02/Alvaro-vor-Buerogebaeude-500x619.jpg"><img loading="lazy" decoding="async" class="alignnone wp-image-579" src="http://entwicklung.bsph.de/wp-content/uploads/2015/02/Alvaro-vor-Buerogebaeude-500x619.jpg" alt="Alvaro vor Buerogebaeude 500x619" width="250" height="310" srcset="https://bpsh.de/wp-content/uploads/2015/02/Alvaro-vor-Buerogebaeude-500x619.jpg 500w, https://bpsh.de/wp-content/uploads/2015/02/Alvaro-vor-Buerogebaeude-500x619-242x300.jpg 242w" sizes="auto, (max-width: 250px) 100vw, 250px" /></a></p>
</div>
<div class="shortcode2-3 "><h4>Domaines de compétences</h4>
<ul>
<li>Le droit des brevets et des modèles déposés</li>
<li>Le droit des marques</li>
<li>Le droit du design</li>
<li>Le droit des inventions des salariés</li>
<li>L’évaluation des droits de protection</li>
</ul>
<p>&nbsp;</p>
<h4>Forces techniques</h4>
<ul>
<li>La biotechnologie</li>
<li>La biochimie</li>
<li>L’ingénierie des bioprocédés</li>
<li>La pharmacie</li>
<li>La technologie médicale</li>
</ul>
<p>&nbsp;</p>
<h4>Cursus</h4>
<ul>
<li>Études en biologie et ingénierie des procédés à l’université de Düsseldorf et à l’université technique de Braunschweig</li>
<li>Jusqu’en 1997, activité scientifique dans la recherche des fondements médicaux à Düsseldorf et à Heidelberg (procédés moléculaires, biologiques et immunologiques)</li>
<li>1997 Promotion à l’université de Düsseldorf</li>
<li>de 1997 à 2000 Formation au conseil en brevets</li>
<li>de 2001 à 2008 Fondateur et partenaire du Cabinet de Conseil en brevets Dr. Remus à Düsseldorf</li>
<li>Depuis 2009 partenaire du Cabinet BPSH</li>
</ul>
<p>&nbsp;</p>
<h4>Affiliations</h4>
<ul>
<li>Chambre des Conseils en brevets de Munich</li>
<li>Association allemande pour la protection de la Propriété Intellectuelle (GRUR) e.V.</li>
<li>VPP – Association des experts en protection industrielle</li>
</ul>
<p>&nbsp;</p>
<h4>Contact</h4>
<p>remus@bpsh.de</p>
<p>&nbsp;</p>
<p>Vers <a href="https://bpsh.de/fr/partenaires/jan-haber/"><strong>Jan Haber</strong></a></p>
</div>

<p>Alvaro Remus, Dr. rer. nat Biologiste diplômé, Conseil en brevets, Mandataire en brevets européens, Mandataire Européen en marques, dessins et modèles</p>

<!-- This site is optimized with the Yoast SEO plugin v26.8 - https://yoast.com/product/yoast-seo-wordpress/ -->
<title>Dr. Alvaro Remus - BPSH</title>
<meta name="robots" content="index, follow, max-snippet:-1, max-image-preview:large, max-video-preview:-1" />
<link rel="canonical" href="https://bpsh.de/fr/partenaires/alvaro-remus/" />
<meta property="og:locale" content="fr_FR" />
<meta property="og:type" content="article" />
<meta property="og:title" content="Dr. Alvaro Remus - BPSH" />
<meta property="og:description" content="Alvaro Remus, Dr. rer. nat Biologiste diplômé, Conseil en brevets, Mandataire en brevets européens, Mandataire Européen en marques, dessins et modèles" />
<meta property="og:url" content="https://bpsh.de/fr/partenaires/alvaro-remus/" />
<meta property="og:site_name" content="BPSH" />
<meta property="article:modified_time" content="2022-01-02T11:58:09+00:00" />
<meta property="og:image" content="http://entwicklung.bsph.de/wp-content/uploads/2015/02/Alvaro-vor-Buerogebaeude-500x619.jpg" />
<meta name="twitter:card" content="summary_large_image" />
<meta name="twitter:label1" content="Durée de lecture estimée" />
	<meta name="twitter:data1" content="1 minute" />
<script type="application/ld+json" class="yoast-schema-graph">{"@context":"https://schema.org","@graph":[{"@type":"WebPage","@id":"https://bpsh.de/fr/partenaires/alvaro-remus/","url":"https://bpsh.de/fr/partenaires/alvaro-remus/","name":"Dr. Alvaro Remus - BPSH","isPartOf":{"@id":"https://bpsh.de/#website"},"primaryImageOfPage":{"@id":"https://bpsh.de/fr/partenaires/alvaro-remus/#primaryimage"},"image":{"@id":"https://bpsh.de/fr/partenaires/alvaro-remus/#primaryimage"},"thumbnailUrl":"http://entwicklung.bsph.de/wp-content/uploads/2015/02/Alvaro-vor-Buerogebaeude-500x619.jpg","datePublished":"2016-12-14T12:23:31+00:00","dateModified":"2022-01-02T11:58:09+00:00","breadcrumb":{"@id":"https://bpsh.de/fr/partenaires/alvaro-remus/#breadcrumb"},"inLanguage":"fr-FR","potentialAction":[{"@type":"ReadAction","target":["https://bpsh.de/fr/partenaires/alvaro-remus/"]}]},{"@type":"ImageObject","inLanguage":"fr-FR","@id":"https://bpsh.de/fr/partenaires/alvaro-remus/#primaryimage","url":"http://entwicklung.bsph.de/wp-content/uploads/2015/02/Alvaro-vor-Buerogebaeude-500x619.jpg","contentUrl":"http://entwicklung.bsph.de/wp-content/uploads/2015/02/Alvaro-vor-Buerogebaeude-500x619.jpg"},{"@type":"BreadcrumbList","@id":"https://bpsh.de/fr/partenaires/alvaro-remus/#breadcrumb","itemListElement":[{"@type":"ListItem","position":1,"name":"Startseite","item":"https://bpsh.de/fr/"},{"@type":"ListItem","position":2,"name":"Partenaires","item":"https://bpsh.de/fr/partenaires/"},{"@type":"ListItem","position":3,"name":"Dr. Alvaro Remus"}]},{"@type":"WebSite","@id":"https://bpsh.de/#website","url":"https://bpsh.de/","name":"BPSH","description":"Kanzlei für gewerblichen Rechtsschutz - Patente, Marken, Design","publisher":{"@id":"https://bpsh.de/#organization"},"potentialAction":[{"@type":"SearchAction","target":{"@type":"EntryPoint","urlTemplate":"https://bpsh.de/?s={search_term_string}"},"query-input":{"@type":"PropertyValueSpecification","valueRequired":true,"valueName":"search_term_string"}}],"inLanguage":"fr-FR"},{"@type":"Organization","@id":"https://bpsh.de/#organization","name":"BPSH Schrooten Haber Remus Patent- und Rechtsanwälte","url":"https://bpsh.de/","logo":{"@type":"ImageObject","inLanguage":"fr-FR","@id":"https://bpsh.de/#/schema/logo/image/","url":"https://bpsh.de/wp-content/uploads/2016/03/Logo-breiter-328x99-neue-Farbe-grau_-Arial-1.jpg","contentUrl":"https://bpsh.de/wp-content/uploads/2016/03/Logo-breiter-328x99-neue-Farbe-grau_-Arial-1.jpg","width":328,"height":99,"caption":"BPSH Schrooten Haber Remus Patent- und Rechtsanwälte"},"image":{"@id":"https://bpsh.de/#/schema/logo/image/"}}]}</script>
<!-- / Yoast SEO plugin. -->

Alvaro Remus, Dr. rer. nat Biologiste diplômé, Conseil en brevets, Mandataire en brevets européens, Mandataire Européen en marques, dessins et modèles

Kanzlei für gewerblichen Rechtsschutz - Patente, Marken, Design

BPSH Schrooten Haber Remus Patent- und Rechtsanwälte
